
78
Let t(h) = -3123*h + 6242. Determine t(2).
-4
Let s(c) = -c**3 + 22*c**2 - 106*c - 45. Calculate s(8).
3
Let x(c) = c**3 + 20*c**2 + 22*c + 458. What is x(-20)?
18
Let q(f) = f**3 - 24*f**2 + 104*f - 3208. Determine q(25).
17
Let a(q) = -2*q**2 - 102*q - 686. Give a(-8).
2
Let q(h) = -23*h + 1164. Give q(51).
-9
Let w(u) = u**3 - 25*u**2 - 32*u + 2144. What is w(22)?
-12
Let g(y) = -16*y**2 + 10*y - 18. Give g(4).
-234
Let k(i) = -i - 14. Give k(-15).
1
Let j(a) = a**3 - 17*a**2 - 59*a. Give j(-3).
-3
Let i(m) = -m**3 + 6*m**2 + 49*m - 90. Determine i(10).
0
Let f(u) = u + 317. Determine f(7).
324
Let x(h) = -h**2 + 41*h - 451. Determine x(32).
-163
Let s(j) = -j**2 + 18*j - 51. Calculate s(14).
5
Let d(r) = -r + 72. Determine d(27).
45
Let g(f) = f**2 + 27*f + 171. Calculate g(-19).
19
Let w(z) = 53*z + 1838. What is w(-22)?
672
Let s(m) = -1051*m - 5278. Give s(-5).
-23
Let d(z) = 309*z**3 - 2*z**2 - 140*z + 141. What is d(1)?
308
Let c(x) = 6*x**2 - 85*x - 193. What is c(16)?
-17
Let p(n) = -2*n**2 - 30*n - 4. Give p(-14).
24
Let i(u) = -u**2 + 3*u - 9. Determine i(3).
-9
Let x(q) = -37*q + 756. Determine x(21).
-21
Let d(h) = -3*h**3 + 8*h**2 + 4*h + 4. Give d(-3).
145
Let i(f) = 2*f**3 + 48*f**2 + 123*f - 38. Give i(-21).
25
Let r(c) = 5*c**2 + 37*c + 56. Calculate r(-3).
-10
Let b(a) = -a**3 - 10*a**2 - 2*a + 13. What is b(0)?
13
Let o(p) = -19*p - 565. Calculate o(-26).
-71
Let n(y) = 552*y + 9938. Determine n(-18).
2
Let z(u) = 2*u**2 + 48*u - 20521. Determine z(90).
-1
Let x(s) = 180*s - 556. Calculate x(3).
-16
Let n(c) = -c**3 - 27*c**2 - 28*c - 70. What is n(-26)?
-18
Let w(q) = -q**3 - 21*q**2 + 20*q - 71. Calculate w(-22).
-27
Let p(w) = -2*w**3 - 10*w**2 - 2*w - 10. Give p(-5).
0
Let f(n) = -n**2 - 7*n + 33. Determine f(-8).
25
Let p(b) = -3100*b + 3115. What is p(1)?
15
Let f(v) = v**3 + 10*v - 28. Give f(2).
0
Let s(d) = 21*d + 51. Give s(-7).
-96
Let l(f) = 2*f**2 - 3*f + 168. Give l(9).
303
Let c(o) = -50*o - 37. Give c(-1).
13
Let k(s) = -7379*s + 162333. Determine k(22).
-5
Let w(u) = 167*u - 5303. Determine w(32).
41
Let s(q) = -31*q**2 + 16*q - 13. What is s(1)?
-28
Let w(h) = -2*h**2 + 30*h. Give w(2).
52
Let r(t) = -169*t - 1504. Determine r(-9).
17
Let f(r) = -r**3 - 5*r**2 + 88*r + 276. What is f(-3)?
-6
Let y(f) = -30*f**2 - 1145*f + 52. Calculate y(-38).
242
Let c(y) = -4*y**3 + 22*y**2 - 54*y + 383. Calculate c(6).
-13
Let u(n) = n**3 - 55*n**2 - 233*n - 26. What is u(59)?
151
Let k(l) = -l**3 - 21*l**2 + 21*l - 33. Give k(-22).
-11
Let c(j) = -3*j**3 + 333*j**2 - 4*j + 456. Determine c(111).
12
Let o(n) = n**3 - 12*n**2 + 13*n + 38. Determine o(12).
194
Let o(a) = 12*a - 48. Calculate o(0).
-48
Let v(o) = -5132*o - 15366. Determine v(-3).
30
Let c(n) = -n**3 - 8*n**2 + 139*n + 1196. What is c(-10)?
6
Let x(n) = -17*n - 460. Calculate x(-32).
84
Let t(r) = -105*r - 3. Determine t(1).
-108
Let i(g) = 2*g**3 - 18*g + 23. Give i(5).
183
Let y(v) = -v**2 - 19*v + 173. Calculate y(9).
-79
Let s(x) = 3*x**2 + 4665*x - 14005. Give s(3).
17
Let m(h) = -16*h**2 - 101*h + 89. Determine m(-7).
12
Let v(z) = z**3 + 40*z**2 + 105*z - 1411. What is v(-36)?
-7
Let z(r) = 24*r - 333. Give z(16).
51
Let o(i) = 5*i**2 + 306*i - 1232. Determine o(4).
72
Let a(h) = -h**2 - 108*h - 718. What is a(-7)?
-11
Let v(y) = 794*y - 4806. Give v(6).
-42
Let y(f) = f**3 - 12*f**2 - 2*f + 10. What is y(12)?
-14
Let o(w) = w**2 + 16*w - 304. Give o(-27).
-7
Let f(n) = -15*n**3 + 17*n**2 + 12*n + 1. Give f(-1).
21
Let q(h) = h**3 + 11*h**2 + 25*h - 5. Determine q(-4).
7
Let g(c) = 148*c + 4468. Give g(-31).
-120
Let z(c) = -2*c**2 + 77*c + 3463. Give z(65).
18
Let j(d) = d**3 - 14*d**2 - 37*d + 442. Calculate j(15).
112
Let a(c) = -c**3 - 16*c**2 + 718*c - 82. Determine a(-36).
-10
Let a(c) = c**2 - 44*c - 1914. Give a(71).
3
Let j(w) = -8*w**3 + w**2 - 6*w + 21. Calculate j(3).
-204
Let y(o) = 2*o**3 - 38*o**2 + 68*o + 14. What is y(17)?
14
Let a(h) = -h**2 + 25*h + 674. Determine a(40).
74
Let n(l) = 10*l + 410. Determine n(-38).
30
Let p(x) = -x**2 + 180*x - 1046. Calculate p(6).
-2
Let i(y) = -74*y + 2306. Give i(31).
12
Let h(u) = u**2 + 632*u + 2517. Give h(-4).
5
Let i(r) = 5*r**2 + 60*r - 48. Determine i(-13).
17
Let j(m) = m**3 + 11*m**2 + 23*m - 12. Calculate j(-9).
-57
Let c(m) = -46*m + 880. Determine c(19).
6
Let b(d) = 6*d**3 + 11*d**2 - 2*d - 11. Calculate b(-1).
-4
Let b(o) = o**2 - 21*o - 310. Calculate b(21).
-310
Let j(z) = -z**3 + 98*z**2 - 156*z + 5712. What is j(97)?
-11
Let d(f) = -2*f**2 + 52*f - 144. What is d(23)?
-6
Let s(l) = 13*l**2 + 13*l - 38. Calculate s(5).
352
Let i(z) = 2*z**3 - 15*z**2 - 42*z + 260. What is i(8)?
-12
Let o(y) = 999*y**2 - 20979*y + 8. Determine o(21).
8
Let y(n) = n**3 + 3*n**2 - 6*n + 102. Determine y(0).
102
Let k(z) = -2*z**3 - 103*z**2 - 420*z + 154. Calculate k(-47).
13
Let p(a) = -58*a + 617. Give p(9).
95
Let f(d) = -d**3 + 96*d**2 + 275*d + 2178. Determine f(99).
0
Let i(j) = -6*j**3 + j**2 - 2*j + 4. Determine i(2).
-44
Let q(m) = 21*m - 2142. Determine q(102).
0
Let w(o) = -37*o**2 + 2919*o + 309. Give w(79).
-7
Let j(a) = 19*a**2 + 675*a + 3802. Calculate j(-7).
8
Let f(s) = -s**3 - 88*s**2 - 87*s + 200. Determine f(-87).
200
Let z(p) = -2*p**3 + 17*p**2 - 24*p + 14. Determine z(10).
-526
Let d(x) = 13*x**2 + 73*x + 428. Give d(-9).
824
Let l(p) = -p**2 - 13*p + 1146. Determine l(-41).
-2
Let s(m) = m**3 - 12*m**2 + 25*m + 11. What is s(6)?
-55
Let u(f) = -8*f**3 + 75*f**2 - 28*f + 8. What is u(9)?
-1
Let k(y) = -70*y + 1352. Calculate k(20).
-48
Let a(m) = -m**2 - 201*m - 5669. Calculate a(-167).
9
Let s(i) = -21*i + 160. Determine s(6).
34
Let m(k) = 40*k + 890. Give m(-22).
10
Let u(l) = -l**3 - 13*l**2 - 27*l - 34. What is u(-12)?
146
Let z(c) = -2*c**2 - 24*c + 143. Calculate z(-23).
-363
Let v(z) = 44*z + 283. Determine v(-7).
-25
Let f(l) = 48*l + 486. Give f(-10).
6
Let v(a) = 20*a**2 + 428*a + 159. What is v(-21)?
-9
Let b(q) = -10*q**3 + q**2 - 85*q - 177. Give b(-2).
77
Let s(c) = -2*c**2 + 11*c - 45. What is s(0)?
-45
Let f(n) = 88*n**2 + 525*n - 19. Give f(-6).
-1
Let o(j) = 5*j**2 + 401*j - 351. Determine o(-81).
-27
Let j(o) = 3*o**2 + 34*o + 139. Calculate j(-4).
51
Let o(g) = 4*g**2 + 4*g - 8. Determine o(4).
72
Let w(v) = 4738*v + 28421. Determine w(-6).
-7
Let p(c) = -10*c**2 - 99*c + 62. What is p(-12)?
-190
Let i(p) = 3*p**3 + 18. Calculate i(5).
393
Let o(a) = -3*a + 55. Give o(-21).
118
Let n(y) = -5*y**2 - 199*y + 22. What is n(-39)?
178
Let z(t) = -2*t**3 - 38*t**2 - 86*t + 22. Give z(-17).
328
Let k(b) = -b**3 + 21*b**2 - 8*b + 26. What is k(21)?
-142
Let q(o) = -112*o**3 - 2*o**2 - 2*o + 7. What is q(2)?
-901
Let u(s) = -2*s**2 + 9*s + 128. Determine u(0).
128
Let q(g) = -100*g + 21619. Calculate q(216).
19
Let x(u) = -u**3 + 2*u**2 + 11*u - 11. What is x(-3)?
1
Let f(b) = 10*b + 1527. Determine f(-155).
-23
Let o(s) = -63*s - 1897. What is o(-30)?
-7
Let b(x) = -852*x - 11924. What is b(-14)?
4
Let s(w) = -3*w**2 - 5*w - 7. What is s(7)?
-189
Let m(f) = 33*f**3 - 5*f**2 + 172*f - 168. Calculate m(1).
32
Let f(l) = l**3 + 30*l**2 + 2*l + 92. Determine f(-30).
32
Let u(z) = 5*z**2 + 10*z - 110. Give u(7).
205
Let k(g) = -2*g**3 + 64*g**2 - 125*g + 147. Give k(30).
-3
Let c(a) = a**3 - 17*a**2 + 52*a - 96. Give c(14).
44
Let c(i) = 309*i - 22917. What is c(74)?
-51
Let h(g) = 8*g - 801. Give h(75).
-201
Let o(q) = q**3 - 26*q**2 + 64*q - 1104. What is o(25)?
-129
Let o(l) = -2*l**3 - 24*l**2 + 8*l + 332. Calculate o(-11).
2
Let p(i) = -3*i**2 + 147*i - 251. Calculate p(47).
31
Let w(c) = 4180*c - 41805. What is w(10)?
-5
Let r(x) = -3*x**2 - 10*x + 6. Give r(-4).
-2
Let l(k) = k**3 + 14*k**2 + 15*k - 25. What is l(-16)?
-777
Let r(f) = -129*f**3 + f**2 - 6*f - 8. What is r(-1)?
128
Let b(j) = -j**3 - 32*j**2 - 56*j + 78. Determine b(-30).
-42
Let h(b) = -36*b + 1399. What is h(39)?
-5
Let j(z) = z**3 + 61*z**2 - 244*z + 1038. Determine j(-65).
-2
Let j(n) = -8*n**2 - 4*n + 69. Calculate j(-3).
9
Let t(x) = 871*x - 17400. What is t(20)?
20
Let p(n) = -5*n**2 + 9*n - 89. What is p(5)?
-169
Let f(s) = -35*s**2 - 4*s + 19. Determine f(2).
-129
Let z(k) = 7*k**2 + 44*k + 51. What is z(-7)?
86
Let n(a) = 1050*a**3 + a**2 - 16*a - 16. Calculate n(-1).
-1049
